e 10.
626
1684 (base 9) to base 6
5551
214 (base 6) to base 5
312
What is 20b (base 14) in base 2?
110010011
Convert 1596 (base 14) to base 2.
111100010000
13122021 (base 4) to base 8
73211
1052432 (base 6) to base 13
1b5c3
-e9c (base 16) to base 4
-322130
202110 (base 3) to base 7
1416
What is -11500 (base 9) in base 14?
-2b39
Convert 11213133 (base 4) to base 12.
11393
What is 10424 (base 6) in base 2?
10110110000
Convert 2411 (base 6) to base 11.
490
Convert -785 (base 12) to base 10.
-1109
What is 23a3 (base 11) in base 6?
22310
Convert 29 (base 15) to base 5.
124
What is 10537 (base 8) in base 15?
14b7
Convert -10300223 (base 4) to base 8.
-46053
Convert -596 (base 11) to base 10.
-710
Convert -101 (base 11) to base 14.
-8a
563 (base 15) to base 5
14333
What is -110110001111100 (base 2) in base 13?
-c844
What is 203000 (base 4) in base 8?
4300
-5552 (base 10) to base 2
-1010110110000
1021 (base 7) to base 10
358
d9 (base 16) to base 8
331
Convert 684 (base 14) to base 8.
2414
What is 2025 (base 8) in base 6?
4501
Convert 1111110 (base 2) to base 9.
150
What is 11001001 (base 3) in base 4?
232000
Convert 2210 (base 5) to base 13.
1a6
1062 (base 7) to base 6
1443
Convert -400 (base 13) to base 15.
-301
What is -262 (base 10) in base 9?
-321
-30011101 (base 4) to base 12
-24781
Convert 15a99 (base 14) to base 15.
11106
Convert -1301 (base 6) to base 13.
-1c0
Convert 13970 (base 14) to base 4.
23311332
What is -110331 (base 5) in base 9?
-5237
101330 (base 4) to base 5
14043
What is 23ac (base 15) in base 5?
220322
What is 355 (base 12) in base 6?
2145
Convert 1432 (base 5) to base 7.
464
Convert -3033 (base 5) to base 10.
-393
Convert -10100120 (base 3) to base 15.
-ad0
388 (base 12) to base 9
655
Convert 11011010111100 (base 2) to base 13.
64bb
-3142 (base 9) to base 8
-4402
1443 (base 5) to base 8
370
-f5d (base 16) to base 4
-331131
-1003022 (base 4) to base 3
-12220012
Convert 1331013 (base 4) to base 12.
4773
27301 (base 10) to base 16
6aa5
Convert cc0 (base 13) to base 3.
2222220
Convert -514 (base 13) to base 16.
-35e
Convert -1411 (base 5) to base 10.
-231
Convert -46535 (base 8) to base 3.
-1000011112
What is -3302 (base 5) in base 13?
-28a
What is -92c3 (base 15) in base 3?
-1120112110
What is 1708 (base 13) in base 8?
6474
What is -1222212111 (base 3) in base 12?
-1a887
60066 (base 7) to base 4
3201312
What is 3c45 (base 13) in base 8?
20744
What is -4a93 (base 16) in base 11?
-13386
What is -3383 (base 12) in base 16?
-1653
Convert -1010100010010101 (base 2) to base 8.
-124225
Convert -111011 (base 3) to base 8.
-543
e9 (base 16) to base 13
14c
Convert 3215 (base 7) to base 16.
473
-326e (base 16) to base 6
-135434
What is -111000000110100 (base 2) in base 5?
-1404344
2554 (base 15) to base 14
2c82
-437 (base 11) to base 4
-20030
What is -121 (base 3) in base 6?
-24
What is 44562 (base 7) in base 11?
8511
343124 (base 5) to base 9
17764
Convert e45 (base 15) to base 8.
6217
What is -4f50 (base 16) in base 6?
-234000
Convert -2012000200 (base 3) to base 5.
-2334104
What is -5fe (base 16) in base 2?
-10111111110
323a (base 11) to base 15
1403
3450 (base 9) to base 2
100111111100
610 (base 11) to base 5
10422
What is -9696 (base 10) in base 6?
-112520
What is 23624 (base 8) in base 11?
7681
Convert -34016 (base 8) to base 4.
-3200032
Convert -13106 (base 8) to base 5.
-140302
Convert 445 (base 16) to base 14.
581
-12859 (base 11) to base 4
-10132133
Convert 2320 (base 6) to base 5.
4202
Convert -b28 (base 14) to base 8.
-4220
What is -1d34 (base 15) in base 11?
-4852
1478 (base 11) to base 12
1124
-1894 (base 10) to base 5
-30034
2002101 (base 3) to base 7
4303
-25471 (base 12) to base 8
-143125
What is 11031 (base 4) in base 8?
515
Convert -35 (base 12) to base 13.
-32
What is 6a8 (base 12) in base 4?
33200
What is 21113031 (base 4) in base 14?
dd93
4737 (base 8) to base 5
40102
-4d (base 16) to base 15
-52
What is 41032 (base 5) in base 16?
a52
Convert -61435 (base 9) to base 16.
-9e03
Convert -4550 (base 13) to base 15.
-2d18
What is -61138 (base 10) in base 12?
-2b46a
What is 1000111000 (base 2) in base 15?
27d
2056 (base 8) to base 15
4b5
1314111 (base 5) to base 13
bba0
Convert 2622 (base 9) to base 10.
1964
Convert 5324 (base 7) to base 4.
131120
What is 167 (base 16) in base 3?
111022
What is 113102 (base 5) in base 12?
24a0
What is 4320 (base 14) in base 10?
11592
What is -424 (base 8) in base 12?
-1b0
What is 1408 (base 11) in base 14?
943
736 (base 9) to base 13
372
1010001110111 (base 2) to base 10
5239
Convert 10133 (base 4) to base 15.
142
What is 2223000 (base 4) in base 13?
4c9b
Convert 1538 (base 13) to base 4.
300101
-5170 (base 10) to base 15
-17ea
312631 (base 7) to base 6
1053104
Convert 1fc (base 16) to base 7.
1324
What is 10745 (base 8) in base 9?
6250
Convert 372 (base 9) to base 8.
464
-152a (base 14) to base 8
-7262
What is 220211 (base 3) in base 9?
824
Convert -326 (base 8) to base 15.
-e4
Convert -27c2 (base 16) to base 3.
-111221222
-7a3 (base 11) to base 12
-680
-1a2 (base 13) to base 12
-211
Convert 2221212 (base 4) to base 8.
25146
Convert 58a (base 13) to base 7.
2540
What is -1203 (base 13) in base 2?
-100111101010
334 (base 11) to base 10
400
What is -45a0 (base 15) in base 12?
-8673
Convert 3020110 (base 4) to base 16.
3214
What is -111101010010001 (base 2) in base 11?
-21635
-101000101101 (base 2) to base 6
-20021
Convert -a495 (base 12) to base 4.
-10120301
-123a2 (base 12) to base 2
-110000010101010
5032 (base 6) to base 3
1111202
Convert 1001110011011 (base 2) to base 10.
5019
-35033 (base 6) to base 10
-4989
What is -4028 (base 9) in base 13?
-1454
Convert -12355 (base 6) to base 10.
-1871
What is 211603 (base 7) in base 14?
d503
-1022121 (base 4) to base 3
-20112100
10000001001 (base 2) to base 5
13113
What is 32313 (base 4) in base 5?
12301
What is 10223220 (base 4) in base 7?
106623
What is 462 (base 9) in base 7?
1052
882 (base 9) to base 7
2051
What is -2b85 (base 14) in base 16?
-1e51
What is -3389 (base 12) in base 9?
-7756
732 (base 9) to base 3
211002
What is -102335 (base 7) in base 2?
-100010100000010
What is 67ce (base 16) in base 13?
c132
33310 (base 4) to base 13
5cb
-10100011010011 (base 2) to base 4
-2203103
14120 (base 9) to base 3
111010200
-10001002211 (base 3) to base 9
-101084
Convert -1800 (base 15) to base 16.
-1437
2db (base 15) to base 7
1625
101100101001000 (base 2) to base 11
16199
-1001100101110011 (base 2) to base 5
-2224113
Convert -25b (base 13) to base 9.
-510
What is -a1 (base 16) in base 5?
-1121
11032 (base 5) to base 12
53b
Convert -31321201 (base 4) to base 9.
-86074
What is 15614 (base 7) in base 14?
187b
What is 504521 (base 6) in base 8?
116001
Convert 1291 (base 10) to base 3.
1202211
What is -1001211112 (base 3) in base 13?
-974c
Convert -132c (base 16) to base 13.
-2307
Convert -413 (base 8) to base 14.
-151
-10010011100010110 (base 2) to base 4
-102130112
What is 1780 (base 10) in base 13?
a6c
2441 (base 14) to base 7
24311
What is 1202 (base 5) in base 9?
216
What is 1606 (base 9) in base 16?
4c5
43465 (base 7) to base 16
2a7c
What is -111001010 (base 2) in base 10?
-458
What is -744 (base 8) in base 11?
-400
1018a (base 14) to base 2
1001011101001110
What is -20201 (base 3) in base 13?
-10c
1a (base 15) to base 12
21
20302 (base 6) to base 8
5216
Convert -1c5 (base 15) to base 7.
-1124
4540 (base 9) to base 16
d1d
What is -c28 (base 14) in base 7?
-6651
Convert 5dc5 (base 14) to base 3.
211112221
What is 3a39 (base 11) in base 15?
184a
7cb (base 13) to base 4
111012
What is 2323012 (base 4) in base 3?
121102111
198 (base 16) to base 14
212
-24243 (base 6) to base 12
-2083
-331 (base 5) to base 16
-5b
What is 6c75 (base 16) in base 10?
27765
5 (base 14) to base 5
10
-20345 (base 6) to base 4
-222221
12222100 (base 3) to base 9
5870
Convert -8a7 (base 13) to base 2.
-10111010001
What is 2ab (base 14) in base 3?
202010
1523 (base 10) to base 3
2002102
761 (base 14) to base 6
10425
Convert -123 (base 14) to base 13.
-146
What is -3242 (base 5) in base 4?
-12333
Convert 3216 (base 7) to base 8.
2164
20010 (base 3) to base 9
203
-6363 (base 7) to base 14
-b6a
What is b520 (base 12) in base 16?
4d28
12112 (base 4) to base 16
196
What is 1010000010